12?
True
Is 296 a multiple of 3?
False
Does 6 divide 1482?
True
Does 9 divide 2790?
True
Is 4 a factor of 557?
False
Does 25 divide 41750?
True
Does 78 divide 34634?
False
Is 16 a factor of 342?
False
Is 10 a factor of 620?
True
Is 9 a factor of 1044?
True
Does 65 divide 40495?
True
Is 189 a multiple of 21?
True
Does 16 divide 384?
True
Is 2668 a multiple of 35?
False
Is 5511 a multiple of 5?
False
Is 124 a factor of 8033?
False
Does 8 divide 68?
False
Is 2862 a multiple of 27?
True
Does 22 divide 16214?
True
Is 7375 a multiple of 59?
True
Does 11 divide 11209?
True
Is 136 a multiple of 8?
True
Does 27 divide 1166?
False
Is 17 a factor of 8555?
False
Is 29 a factor of 1276?
True
Does 14 divide 322?
True
Does 14 divide 7168?
True
Is 35 a factor of 1155?
True
Is 17 a factor of 119?
True
Is 165 a multiple of 33?
True
Does 81 divide 208?
False
Is 7722 a multiple of 13?
True
Is 7068 a multiple of 31?
True
Is 37859 a multiple of 238?
False
Does 76 divide 2888?
True
Does 19 divide 9592?
False
Is 15 a factor of 2655?
True
Is 19475 a multiple of 95?
True
Is 81 a factor of 28495?
False
Is 45 a factor of 765?
True
Is 10 a factor of 710?
True
Is 138 a factor of 2346?
True
Does 23 divide 14306?
True
Does 168 divide 4536?
True
Is 2050 a multiple of 41?
True
Is 405 a multiple of 15?
True
Does 20 divide 86880?
True
Is 4653 a multiple of 73?
False
Does 21 divide 210?
True
Does 29 divide 174?
True
Does 158 divide 14694?
True
Is 44 a factor of 5067?
False
Is 25116 a multiple of 7?
True
Is 5053 a multiple of 33?
False
Is 7062 a multiple of 5?
False
Is 54 a factor of 101304?
True
Does 3 divide 23889?
True
Is 5 a factor of 5698?
False
Is 304 a multiple of 19?
True
Is 26 a factor of 241?
False
Is 9450 a multiple of 27?
True
Does 134 divide 121136?
True
Is 11 a factor of 82656?
False
Is 3015 a multiple of 6?
False
Is 110 a factor of 14080?
True
Is 784 a multiple of 2?
True
Is 15 a factor of 8183?
False
Is 10080 a multiple of 40?
True
Does 15 divide 9703?
False
Does 24 divide 838?
False
Is 750 a multiple of 5?
True
Does 40 divide 13960?
True
Is 19388 a multiple of 36?
False
Is 14020 a multiple of 126?
False
Does 11 divide 1352?
False
Is 352 a multiple of 4?
True
Is 48239 a multiple of 20?
False
Is 56 a factor of 1336?
False
Is 336 a multiple of 16?
True
Does 121 divide 16540?
False
Does 3 divide 730?
False
Is 48 a factor of 23616?
True
Is 10 a factor of 359?
False
Is 2 a factor of 4558?
True
Is 38 a factor of 494?
True
Is 7818 a multiple of 31?
False
Is 3983 a multiple of 11?
False
Does 3 divide 156?
True
Does 12 divide 16668?
True
Is 43 a factor of 86?
True
Is 7875 a multiple of 45?
True
Does 43 divide 2973?
False
Does 446 divide 67792?
True
Does 208 divide 30992?
True
Is 89 a factor of 10235?
True
Is 25 a factor of 975?
True
Is 13904 a multiple of 158?
True
Is 5 a factor of 2290?
True
Does 48 divide 1998?
False
Is 936 a multiple of 10?
False
Does 99 divide 19644?
False
Is 423 a multiple of 42?
False
Is 1440 a multiple of 21?
False
Does 13 divide 104?
True
Is 83 a factor of 332?
True
Is 720 a multiple of 48?
True
Is 237 a multiple of 15?
False
Is 38 a factor of 348?
False
Does 8 divide 1212?
False
Is 3335 a multiple of 47?
False
Does 61 divide 118157?
True
Is 28 a factor of 4091?
False
Is 10700 a multiple of 20?
True
Is 40165 a multiple of 5?
True
Is 230 a multiple of 23?
True
Is 2546 even?
True
Does 50 divide 874?
False
Does 28 divide 7728?
True
Is 44 a factor of 6820?
True
Is 586 a multiple of 11?
False
Is 384 a multiple of 6?
True
Is 606 a multiple of 6?
True
Is 17 a factor of 105706?
True
Does 29 divide 9976?
True
Is 3753 a multiple of 12?
False
Is 839 a multiple of 26?
False
Is 72 a factor of 14328?
True
Does 34 divide 861?
False
Does 3 divide 32?
False
Does 70 divide 4525?
False
Is 46 a factor of 2944?
True
Is 8 a factor of 111?
False
Is 2 a factor of 3283?
False
Is 186 a multiple of 5?
False
Does 14 divide 931?
False
Is 9 a factor of 107?
False
Is 1347 a multiple of 21?
False
Does 26 divide 1406?
False
Does 12 divide 184?
False
Does 12 divide 1025?
False
Is 33 a factor of 759?
True
Is 155 a factor of 17670?
True
Is 6976 a multiple of 109?
True
Is 1644 a multiple of 73?
False
Does 77 divide 18326?
True
Does 14 divide 26941?
False
Does 6 divide 1380?
True
Is 50484 a multiple of 183?
False
Does 11 divide 5689?
False
Does 62 divide 28086?
True
Is 38 a factor of 37278?
True
Is 11137 a multiple of 124?
False
Does 44 divide 176?
True
Is 18 a factor of 27809?
False
Does 6 divide 288?
True
Does 14 divide 2072?
True
Does 14 divide 28?
True
Is 86 a multiple of 43?
True
Is 3518 a multiple of 15?
False
Is 168132 a multiple of 12?
True
Is 108 a factor of 6692?
False
Is 11 a factor of 9432?
False
Does 12 divide 1044?
True
Is 1824 a multiple of 38?
True
Is 37 a factor of 629?
True
Is 50 a factor of 3450?
True
Is 18345 a multiple of 132?
False
Is 100 a factor of 37305?
False
Is 12 a factor of 564?
True
Does 15 divide 71?
False
Is 4560 a multiple of 10?
True
Does 90 divide 1890?
True
Is 16 a multiple of 4?
True
Does 34 divide 68?
True
Does 20 divide 1937?
False
Is 38 a factor of 4978?
True
Does 35 divide 140?
True
Does 23 divide 1749?
False
Is 76 a factor of 16153?
False
Does 69 divide 4013?
False
Is 335 a multiple of 67?
True
Is 7 a factor of 70?
True
Does 8 divide 19075?
False
Is 98 a factor of 2328?
False
Does 53 divide 110?
False
Is 20 a factor of 491?
False
Does 3 divide 1123?
False
Is 3953 a multiple of 66?
False
Is 4 a factor of 2256?
True
Is 606 a multiple of 22?
False
Is 11 a factor of 4804?
False
Is 13 a factor of 4303?
True
Does 96 divide 10944?
True
Does 7 divide 5467?
True
Does 13 divide 1971?
False
Is 1052 a multiple of 19?
False
Is 20 a factor of 1246?
False
Is 6273 a multiple of 9?
True
Is 2680 a multiple of 20?
True
Is 11 a factor of 924?
True
Does 7 divide 433?
False
Is 66 a factor of 12540?
True
Is 15048 a multiple of 99?
True
Does 47 divide 10434?
True
Does 7 divide 347?
False
Is 13 a factor of 3081?
True
Is 245 a factor of 34055?
True
Is 5 a factor of 11?
False
Is 585 a multiple of 5?
True
Is 5580 a multiple of 124?
True
Is 7326 a multiple of 74?
True
Does 12 divide 7332?
True
Is 36 a factor of 356?
False
Does 23 divide 230?
True
Is 8 a factor of 46016?
True
Does 17 divide 1717?
True
Is 464 a multiple of 7?
False
Does 8 divide 15156?
False
Is 50 a factor of 37257?
False
Is 5570 a multiple of 5?
True
Is 321 a multiple of 7?
False
Is 6101 a multiple of 8?
False
Does 357 divide 69087?
False
Is 164 a factor of 10004?
True
Is 7 a factor of 714?
True
Is 2555 a multiple of 7?
True
Does 51 divide 6732?
True
Is 8 a factor of 92909?
False
Does 10 divide 1010?
True
Is 372 a multiple of 3?
True
Is 305 a multiple of 9?
False
Is 63 a factor of 908?
False
Is 14 a factor of 616?
True
Is 9050 a multiple of 50?
True
Does 119 divide 2799?
False
Is 870 a multiple of 5?
True
Is 46 a factor of 39284?
True
Is 263 a multiple of 9?
False
Is 16 a factor of 1639?
False
Is 5210 a multiple of 26?
False
Is 3979 a multiple of 23?
True
Is 10154 a multiple of 16?
False
Does 15 divide 78?
False
Does 29 divide 16414?
True
Is 10715 a multiple of 67?
False
Is 9 a factor of 6354?
True
Is 10 a factor of 890?
True
Is 16 a factor of 5616?
True
Is 52 a factor of 3655?
False
Does 4 divide 2826?
False
Is 28868 a multiple of 18?
False
Is 41 a factor of 7560?
False
Does 33 divide 13488?
False
Is 94766 a multiple of 98?
True
Is 27 a factor of 162?
True
Is 31 a factor of 244?
False
Is 280 a multiple of 56?
True
Is 45196 a multiple of 85?
False
Is 7831 a multiple of 20?
False
Is 14 a factor of 18416?
False
Does 34 divide 19108?
True
Is 9 a factor of 4964?
False
Does 3 divide 893?
False
Does 2 divide 1243?
False
Is 22 a factor of 239?
False
Is 3 a factor of 32?
False
Is 12 a factor of 1188?
True
Does 33 divide 5148?
True
Is 1539 a multiple of 14?
False
Does 6 divide 385?
False
Does 28 divide 2642?
False
Is 29597 a multiple of 108?
False
Is 136 a factor of 11434?
False
Is 25 a multiple of 2?
False
Is 136 a factor of 2945?
False
Is 1809 a multiple of 9?
True
Is 8 a factor of 292?
False
Is 3017 a multiple of 7?
True
Is 1842 a multiple of 79?
False
Is 5041 a multiple of 6?
False
Is 15 a factor of 61155?
True
Does 110 divide 2891?
False
Is 6 a factor of 4046?
False
Is 2271 a multiple of 6?
False
Is 132 a f